rue
Is 28 a factor of 154015?
False
Is 189 a factor of 408156?
False
Does 38 divide 489556?
False
Is 440 a factor of 302280?
True
Is 24287645 a multiple of 17?
True
Does 75 divide 109575?
True
Is 300 a factor of 162085?
False
Is 711730 a multiple of 410?
False
Does 451 divide 13640587?
False
Is 5766 a multiple of 11?
False
Does 88 divide 69960?
True
Does 744 divide 382416?
True
Is 13 a factor of 264068?
False
Is 10 a factor of 36068?
False
Is 3896124 a multiple of 18?
False
Is 395831 a multiple of 262?
False
Is 24 a factor of 494043?
False
Is 7515 a multiple of 45?
True
Is 33 a factor of 1138604?
False
Is 59760 a multiple of 120?
True
Does 84 divide 1070367?
False
Is 197 a factor of 4513086?
False
Is 90350 a multiple of 26?
True
Does 14 divide 9955025?
False
Does 50 divide 82882?
False
Is 138 a factor of 898148?
False
Does 22 divide 187792?
True
Is 3293832 a multiple of 60?
False
Is 1229 a factor of 4439148?
True
Does 68 divide 12165268?
True
Does 80 divide 1082320?
True
Is 9 a factor of 3968356?
False
Is 248 a factor of 409696?
True
Does 7 divide 3361757?
True
Is 1641009 a multiple of 129?
True
Is 4251335 a multiple of 24?
False
Does 41 divide 939433?
True
Is 30 a factor of 25944203?
False
Is 3561403 a multiple of 115?
False
Does 477 divide 358704?
True
Is 430176 a multiple of 8?
True
Is 25 a factor of 275388?
False
Does 3 divide 321364?
False
Does 95 divide 2456320?
True
Is 60 a factor of 2901360?
True
Is 183 a factor of 3452429?
False
Is 666776 a multiple of 192?
False
Is 1428456 a multiple of 24?
True
Is 2134214 a multiple of 34?
True
Is 11397 a multiple of 14?
False
Is 20 a factor of 153736?
False
Does 327 divide 677623?
False
Is 28 a factor of 299474?
False
Does 66 divide 1328028?
False
Is 364173 a multiple of 594?
False
Does 12 divide 123348?
True
Does 128 divide 705792?
True
Does 15 divide 12444?
False
Does 73 divide 1364662?
True
Is 21 a factor of 196714?
False
Is 275 a factor of 174464?
False
Does 5 divide 52976?
False
Does 18 divide 230310?
True
Is 1708651 a multiple of 133?
True
Is 221 a factor of 2043145?
True
Is 4427 a multiple of 10?
False
Is 45760 a multiple of 130?
True
Is 885864 a multiple of 386?
False
Does 16 divide 77552?
True
Does 64 divide 389071?
False
Is 212198 a multiple of 23?
True
Is 73 a factor of 159286?
True
Does 42 divide 897954?
False
Is 8148883 a multiple of 71?
True
Does 93 divide 85906?
False
Does 54 divide 22581882?
True
Does 76 divide 332158?
False
Is 1359660 a multiple of 340?
True
Does 24 divide 3836816?
False
Is 518624 a multiple of 19?
True
Is 13 a factor of 357736?
False
Is 227 a factor of 2937143?
False
Is 196 a factor of 1744437?
False
Is 92421 a multiple of 21?
True
Does 24 divide 965280?
True
Is 1809935 a multiple of 2?
False
Is 36 a factor of 769322?
False
Does 589 divide 284741?
False
Is 248136 a multiple of 167?
False
Is 771 a factor of 837306?
True
Is 120 a factor of 1920240?
True
Is 14 a factor of 126728?
True
Is 77 a factor of 3728340?
True
Is 10008160 a multiple of 10?
True
Is 17 a factor of 1031628?
True
Does 587 divide 288804?
True
Does 12 divide 1103218?
False
Does 337 divide 332956?
True
Is 1182537 a multiple of 393?
True
Is 329 a factor of 205296?
True
Is 11391153 a multiple of 124?
False
Is 32 a factor of 72224?
True
Is 1899267 a multiple of 5?
False
Is 1888006 a multiple of 749?
False
Does 14 divide 1208900?
True
Is 6 a factor of 18420?
True
Is 22 a factor of 137277?
False
Is 412 a factor of 5812579?
False
Is 10 a factor of 6607382?
False
Is 6 a factor of 62190?
True
Is 26 a factor of 176188?
False
Does 294 divide 2591610?
True
Is 10878810 a multiple of 255?
True
Is 9 a factor of 243166?
False
Is 571 a factor of 763022?
False
Is 59 a factor of 15981566?
True
Is 18 a factor of 882774?
True
Is 21318 a multiple of 38?
True
Is 4 a factor of 107403?
False
Is 339 a factor of 4610061?
True
Does 275 divide 1697214?
False
Is 150 a factor of 9267000?
True
Is 60503 a multiple of 9?
False
Is 201554 a multiple of 12?
False
Does 119 divide 94228?
False
Does 66 divide 17473830?
True
Does 12 divide 29436?
True
Does 166 divide 514694?
False
Is 2009456 a multiple of 9?
False
Is 141 a factor of 37832?
False
Is 170 a factor of 56950?
True
Is 4 a factor of 1215?
False
Is 24104 a multiple of 184?
True
Does 41 divide 6988286?
True
Does 26 divide 235352?
True
Is 33120 a multiple of 15?
True
Is 67 a factor of 40621?
False
Is 32 a factor of 138176?
True
Is 64167 a multiple of 19?
False
Is 152238 even?
True
Does 48 divide 7728?
True
Is 47 a factor of 1222?
True
Is 28 a factor of 78027?
False
Is 3046665 a multiple of 5?
True
Is 7 a factor of 493304?
True
Is 5 a factor of 7204640?
True
Does 100 divide 142000?
True
Is 55 a factor of 1695842?
False
Is 3240603 a multiple of 546?
False
Is 5884 even?
True
Is 11344834 a multiple of 115?
False
Does 22 divide 4722256?
True
Is 100 a factor of 431609?
False
Does 287 divide 725608?
False
Is 1491108 a multiple of 411?
True
Is 70 a factor of 6929600?
False
Does 11 divide 981812?
False
Is 339531 a multiple of 11?
False
Is 8476608 a multiple of 448?
True
Is 83824 a multiple of 403?
True
Does 107 divide 387126?
True
Is 100 a factor of 18539800?
True
Is 812624 a multiple of 48?
False
Does 8 divide 35456?
True
Does 5 divide 137526?
False
Is 11 a factor of 1081828?
True
Does 17 divide 11864?
False
Does 766 divide 2636572?
True
Is 18330 a multiple of 78?
True
Is 13 a factor of 4146597?
True
Does 126 divide 121983?
False
Is 16 a factor of 1213543?
False
Is 12258451 a multiple of 908?
False
Does 5 divide 32403?
False
Is 45920 a multiple of 40?
True
Is 1077721 a multiple of 22?
False
Does 50 divide 4062472?
False
Is 2153655 a multiple of 43?
True
Is 1229749 a multiple of 827?
True
Is 1093972 a multiple of 23?
True
Is 25368920 a multiple of 158?
False
Is 603 a factor of 8584324?
False
Is 484 a factor of 187792?
True
Is 6123866 a multiple of 842?
True
Does 3 divide 2054877?
True
Does 34 divide 1523131?
False
Is 81 a factor of 1028653?
False
Is 14 a factor of 5549558?
True
Is 36 a factor of 225069?
False
Is 327534 a multiple of 158?
True
Does 20 divide 451300?
True
Does 722 divide 2642212?
False
Is 140 a factor of 5286260?
True
Does 233 divide 239524?
True
Is 2 a factor of 6913?
False
Is 121 a factor of 120756?
False
Is 6 a factor of 897614?
False
Is 13 a factor of 19029000?
False
Is 282491 a multiple of 224?
False
Is 66364 a multiple of 94?
True
Is 338 a factor of 1150890?
True
Is 579860 a multiple of 367?
True
Does 66 divide 88440?
True
Is 200 a factor of 257800?
True
Is 708011 a multiple of 23?
False
Is 116 a factor of 404028?
True
Is 25714 a multiple of 23?
True
Is 24811458 a multiple of 373?
False
Is 5684952 a multiple of 19?
True
Is 146344 a multiple of 88?
True
Does 36 divide 183672?
True
Is 44 a factor of 148192?
True
Is 15 a factor of 5832231?
False
Is 106 a factor of 1670560?
True
Is 8 a factor of 58328?
True
Is 6 a factor of 35984?
False
Is 1126 a factor of 6249600?
False
Is 648324 a multiple of 108?
True
Is 6918780 a multiple of 953?
True
Does 21 divide 77511?
True
Is 96541 a multiple of 29?
True
Is 99 a factor of 1114938?
True
Is 429697 a multiple of 45?
False
Is 357590 a multiple of 250?
False
Is 1618554 a multiple of 89?
True
Is 256 a factor of 91904?
True
Does 345 divide 3350462?
False
Does 100 divide 464211?
False
Is 32185 a multiple of 163?
False
Does 24 divide 302757?
False
Does 22 divide 5546503?
False
Does 111 divide 7066371?
True
Does 52 divide 4950244?
True
Does 122 divide 438491?
False
Does 164 divide 900678?
False
Is 4 a factor of 2813409?
False
Does 53 divide 100033?
False
Does 29 divide 12076528?
True
Is 188055 a multiple of 35?
True
Is 970140 a multiple of 114?
True
Is 3138876 a multiple of 1203?
False
Does 105 divide 340200?
True
Is 313 a factor of 97066?
False
Is 259848 a multiple of 648?
True
Is 446596 a multiple of 718?
True
Does 17 divide 578188?
False
Does 7 divide 11235?
True
Is 83 a factor of 1835130?
True
Is 27 a factor of 151416?
True
Is 22 a factor of 946525?
False
Is 343700 a multiple of 50?
True
Is 13 a factor of 167276?
False
Is 243430 a multiple of 5?
True
Is 151971 a multiple of 14?
False
Is 349170 a multiple of 30?
True
Is 980236 a multiple of 1076?
True
Is 25 a factor of 255075?
True
Does 46 divide 11552072?
True
Does 5 divide 1668646?
F